27199527 prime?
False
Is 33224609149 a prime number?
False
Is 1225025069 prime?
True
Is 15863994101 a prime number?
False
Is 4375858181 a composite number?
False
Is 32210451083 a prime number?
True
Is 727793887 a composite number?
False
Is 348221046791 prime?
False
Is 3193163651 prime?
False
Is 22581534533 a prime number?
True
Is 2817115117 a prime number?
True
Is 39462077 composite?
False
Is 10608478729 prime?
True
Is 13089544007 prime?
False
Is 3840494789 a composite number?
False
Is 723157654499 a prime number?
False
Is 62510393 prime?
False
Is 7282681267 composite?
False
Is 2725486019 a composite number?
True
Is 821971547 composite?
False
Is 16424420923 a prime number?
False
Is 1351391323 prime?
False
Is 370174667 a prime number?
False
Is 1898748263 a composite number?
False
Is 94474333 a composite number?
True
Is 2413499351 prime?
True
Is 3503475649 prime?
False
Is 61146960101 composite?
False
Is 514922687 a prime number?
True
Is 1256213941 prime?
False
Is 667300819 composite?
True
Is 34307573309 a prime number?
False
Is 1935393337 a prime number?
True
Is 74054554933 prime?
False
Is 689670011 composite?
True
Is 5258826067 composite?
True
Is 545178653 a composite number?
True
Is 1404397859 a prime number?
True
Is 1875050483 prime?
False
Is 2769111159 prime?
False
Is 1346978707 a composite number?
False
Is 1086189437 a composite number?
False
Is 446712569 prime?
True
Is 1630170019 composite?
True
Is 278478517 a composite number?
True
Is 585217769 prime?
True
Is 373684739 a composite number?
True
Is 7826034691 a prime number?
True
Is 1252529827 prime?
True
Is 27092517 a prime number?
False
Is 6403694093 composite?
False
Is 2089735201 a composite number?
True
Is 1199191141 composite?
False
Is 3586734091 a composite number?
True
Is 26503962481 a prime number?
True
Is 29675372163 prime?
False
Is 25719637477 a prime number?
False
Is 65242766707 composite?
True
Is 5083550197 a composite number?
True
Is 21062725311 prime?
False
Is 832393103 prime?
True
Is 30717493 prime?
True
Is 14893224839 composite?
False
Is 3722393221 a composite number?
False
Is 256161858431 a prime number?
True
Is 28163741597 composite?
True
Is 352680313 prime?
True
Is 6851537723 composite?
True
Is 4979938759 composite?
False
Is 1535538689 prime?
True
Is 13060683187 prime?
True
Is 907284263 a composite number?
True
Is 1214611819 composite?
True
Is 80918503361 a prime number?
True
Is 38169025261 a composite number?
False
Is 167321939 prime?
False
Is 57141824749 composite?
True
Is 318428273 a composite number?
False
Is 5703116689 prime?
True
Is 981176023 prime?
False
Is 58519217954 a composite number?
True
Is 198523830649 prime?
True
Is 2095149219 composite?
True
Is 57310563547 composite?
True
Is 1257014221 a prime number?
False
Is 79739591831 prime?
True
Is 829729286 prime?
False
Is 5471027999 a prime number?
True
Is 594059759 a prime number?
True
Is 67532006359 a composite number?
False
Is 1644592889 prime?
False
Is 1995645557 prime?
True
Is 1555252807 a prime number?
False
Is 119161131547 a prime number?
True
Is 27866630807 composite?
True
Is 47979641329 a prime number?
False
Is 2948967757 prime?
False
Is 4414640773 prime?
True
Is 3895985407 a composite number?
True
Is 1443512753 a prime number?
True
Is 17288603 a prime number?
False
Is 2027326583 composite?
False
Is 49021841807 composite?
False
Is 13458741343 composite?
True
Is 539290709 a composite number?
False
Is 4135520833 a prime number?
False
Is 1568204171 a composite number?
False
Is 2063421523 composite?
False
Is 25227739453 prime?
False
Is 438019607 composite?
False
Is 3688026371 a composite number?
False
Is 15700318301 prime?
True
Is 711039269 prime?
False
Is 3579970333 a prime number?
False
Is 1105562833 prime?
True
Is 2281581691 a prime number?
True
Is 3430389759 composite?
True
Is 297257887 prime?
False
Is 37797269131 prime?
False
Is 2906832101 a composite number?
False
Is 999926123 prime?
False
Is 51032764213 a prime number?
True
Is 13589039861 prime?
True
Is 73388611 composite?
False
Is 183875912821 a prime number?
False
Is 109917768863 a composite number?
True
Is 864108751 a composite number?
True
Is 44122057 composite?
True
Is 2063791471 a prime number?
False
Is 560502911 a prime number?
True
Is 6715969537 a composite number?
True
Is 20851965461 prime?
True
Is 7486213237 a composite number?
True
Is 24228967127 a prime number?
True
Is 2766779101 prime?
True
Is 3567632777 a prime number?
True
Is 1767980431 a prime number?
False
Is 923468167 composite?
False
Is 819210643 a composite number?
True
Is 3881942609 a composite number?
True
Is 1716405937 composite?
False
Is 1095439847 a composite number?
False
Is 189045862063 prime?
False
Is 56540162697 a composite number?
True
Is 330317153 a composite number?
True
Is 19241144267 composite?
True
Is 19059653311 prime?
False
Is 4622067991 a prime number?
False
Is 285029607307 a composite number?
True
Is 6382722173 a prime number?
False
Is 14684423231 composite?
False
Is 14357089499 a prime number?
False
Is 7843139761 prime?
True
Is 1817034629 prime?
True
Is 359193089 composite?
False
Is 1630450587 a prime number?
False
Is 2021226089 prime?
True
Is 2713635401 a composite number?
False
Is 402036276091 a composite number?
False
Is 19704715507 prime?
True
Is 194713969 prime?
True
Is 26017695973 a prime number?
True
Is 4074242957 prime?
True
Is 211440269 composite?
False
Is 107172647077 composite?
False
Is 52915667297 prime?
True
Is 2350545173 prime?
False
Is 5619085739 a composite number?
False
Is 253698617 a composite number?
False
Is 135153490463 composite?
True
Is 4133672131 composite?
False
Is 757181879 a composite number?
False
Is 6706564913 a composite number?
True
Is 878844199 composite?
False
Is 11230285207 prime?
True
Is 42587930481 composite?
True
Is 805603651 a composite number?
False
Is 3859571017 a composite number?
False
Is 1285204103 composite?
False
Is 565502699 a prime number?
True
Is 564559643 composite?
True
Is 3674274013 composite?
True
Is 16422191077 a composite number?
False
Is 2901751609 prime?
True
Is 20030207081 composite?
True
Is 23270829637 a prime number?
False
Is 471301706369 composite?
True
Is 454116037 composite?
False
Is 5406844909 composite?
False
Is 1286738543 a prime number?
False
Is 4491802993 a composite number?
False
Is 1281461369 composite?
True
Is 1892049681 composite?
True
Is 325043093 a prime number?
True
Is 12659193037 a prime number?
True
Is 2963415713 composite?
True
Is 3397732433 a composite number?
True
Is 14839005189 prime?
False
Is 73048487 prime?
True
Is 2320328597 prime?
True
Is 1202189353 prime?
False
Is 1841008621 prime?
True
Is 27341359021 a prime number?
False
Is 6011156003 prime?
True
Is 711578965 prime?
False
Is 346592419 composite?
False
Is 2873438501 prime?
True
Is 126405092069 a composite number?
True
Is 1842669889 composite?
True
Is 16062498035 a composite number?
True
Is 12808634941 prime?
False
Is 808620457 a prime number?
False
Is 87317551 composite?
False
Is 5934877 prime?
False
Is 1164801691 a prime number?
True
Is 1106236331 a composite number?
True
Is 81727157 prime?
False
Is 4590889717 prime?
True
Is 482585619881 a prime number?
True
Is 2811350937 composite?
True
Is 2895294173 a composite number?
True
Is 8273081029 composite?
False
Is 2557300223 prime?
False
Is 334165067 a prime number?
False
Is 1616746357 composite?
True
Is 626376794 a composite number?
True
Is 80246681 a composite number?
True
Is 7815813359 a prime number?
False
Is 46126141 composite?
True
Is 107113402939 prime?
False
Is 242551889 composite?
True
Is 22885265593 a prime number?
False
Is 26545711 composite?
False
Is 558577001 prime?
True
Is 15906178559 a prime number?
True
Is 8207523631 composite?
True
Is 363171250985 prime?
False
Is 3839399563 a prime number?
True
Is 81143545949 a prime number?
False
Is 237242771 composite?
False
Is 623064209 prime?
False
Is 2736778805 a prime number?
False
Is 104273021 a composite number?
True
Is 34787590109 prime?
True
Is 17606693 composite?
True
Is 245943973 composite?
True
Is 26933983 a prime number?
True
Is 696501661 prime?
True
Is 519670787 prime?
False
Is 87251249 a prime number?
False
Is 993358999 prime?
True
Is 24867109829 composite?
True
Is 3882109537 a composite number?
True
Is 1035594252